nder when 1602603 is divided by 1378?
1367
What is the remainder when 2402821 is divided by 401?
29
Calculate the remainder when 20037 is divided by 951.
66
Calculate the remainder when 64053 is divided by 15982.
125
What is the remainder when 7087398 is divided by 55?
43
What is the remainder when 105060611 is divided by 1400808?
11
Calculate the remainder when 10919163 is divided by 30.
3
What is the remainder when 3054169 is divided by 106?
97
Calculate the remainder when 1363757 is divided by 77.
10
Calculate the remainder when 333060 is divided by 27752.
36
Calculate the remainder when 59450 is divided by 57981.
1469
Calculate the remainder when 4688718 is divided by 344.
342
What is the remainder when 15641 is divided by 1451?
1131
What is the remainder when 2148726 is divided by 12?
6
Calculate the remainder when 95859 is divided by 95515.
344
What is the remainder when 3280903 is divided by 26888?
567
What is the remainder when 277828 is divided by 30831?
349
Calculate the remainder when 85323 is divided by 1446.
9
What is the remainder when 60020053 is divided by 52?
41
Calculate the remainder when 400673 is divided by 66766.
77
What is the remainder when 19835 is divided by 3964?
15
Calculate the remainder when 3100799 is divided by 510.
509
Calculate the remainder when 49052022 is divided by 55.
52
Calculate the remainder when 4920587 is divided by 943.
13
Calculate the remainder when 15193873 is divided by 305.
298
Calculate the remainder when 276023 is divided by 137876.
271
Calculate the remainder when 106769993 is divided by 53384975.
43
What is the remainder when 2845027 is divided by 3719?
3711
Calculate the remainder when 898449 is divided by 25638.
1119
What is the remainder when 124059 is divided by 10866?
4533
Calculate the remainder when 5922184 is divided by 29910.
4
Calculate the remainder when 50939806 is divided by 586.
584
What is the remainder when 47185 is divided by 954?
439
What is the remainder when 38704 is divided by 95?
39
Calculate the remainder when 1651920 is divided by 550640.
0
What is the remainder when 14167208 is divided by 2141?
211
Calculate the remainder when 152682530 is divided by 19085313.
26
What is the remainder when 827685 is divided by 80?
5
What is the remainder when 177008 is divided by 67?
61
What is the remainder when 4570170 is divided by 163219?
38
Calculate the remainder when 89575624 is divided by 21.
19
What is the remainder when 615185 is divided by 122266?
3855
Calculate the remainder when 4698387 is divided by 102.
63
Calculate the remainder when 95437 is divided by 6800.
237
What is the remainder when 222119 is divided by 22?
7
What is the remainder when 460251 is divided by 189?
36
Calculate the remainder when 180189423 is divided by 1938.
1935
What is the remainder when 4236164 is divided by 129?
62
What is the remainder when 1444255 is divided by 19781?
242
What is the remainder when 24024944 is divided by 8008314?
2
What is the remainder when 77446 is divided by 1685?
1621
What is the remainder when 354474 is divided by 12221?
65
Calculate the remainder when 9883066 is divided by 4941529.
8
Calculate the remainder when 8427 is divided by 1596.
447
Calculate the remainder when 10552048 is divided by 7.
3
Calculate the remainder when 3062584 is divided by 878.
120
What is the remainder when 847936 is divided by 38525?
386
Calculate the remainder when 14749861 is divided by 315.
301
What is the remainder when 46498 is divided by 10808?
3266
Calculate the remainder when 93231 is divided by 1134.
243
What is the remainder when 996371 is divided by 14871?
14
Calculate the remainder when 143409 is divided by 608.
529
Calculate the remainder when 260830 is divided by 1540.
570
What is the remainder when 230146 is divided by 10672?
6034
Calculate the remainder when 146073131 is divided by 394.
389
What is the remainder when 2883555 is divided by 2883514?
41
What is the remainder when 166638 is divided by 33298?
148
What is the remainder when 67304492 is divided by 327?
44
Calculate the remainder when 20353632 is divided by 443.
440
What is the remainder when 16064975 is divided by 1213?
3
Calculate the remainder when 20539731 is divided by 1579979.
4
Calculate the remainder when 17653 is divided by 7103.
3447
Calculate the remainder when 2297082 is divided by 2304.
2298
Calculate the remainder when 95987266 is divided by 83.
7
Calculate the remainder when 86708 is divided by 14184.
1604
Calculate the remainder when 20398634 is divided by 815.
814
Calculate the remainder when 317060 is divided by 6190.
1370
Calculate the remainder when 625909 is divided by 1553.
50
Calculate the remainder when 15329259 is divided by 2554876.
3
What is the remainder when 63593 is divided by 12680?
193
What is the remainder when 11604844 is divided by 11604832?
12
What is the remainder when 83421 is divided by 27803?
12
Calculate the remainder when 3205897 is divided by 457957.
198
What is the remainder when 4097299 is divided by 403?
401
What is the remainder when 739768 is divided by 12122?
326
Calculate the remainder when 21836923 is divided by 1284524.
15
What is the remainder when 164426 is divided by 5503?
4839
What is the remainder when 70911 is divided by 1506?
129
Calculate the remainder when 506644 is divided by 253178.
288
Calculate the remainder when 153276 is divided by 7222.
1614
Calculate the remainder when 1564507 is divided by 119.
14
What is the remainder when 158876 is divided by 12207?
185
Calculate the remainder when 378870 is divided by 99.
96
Calculate the remainder when 155967596 is divided by 15783.
15773
Calculate the remainder when 107404174 is divided by 15602.
6
What is the remainder when 6449663 is divided by 1289927?
28
Calculate the remainder when 207856 is divided by 276.
28
Calculate the remainder when 12357616 is divided by 321.
79
Calculate the remainder when 19505 is divided by 4814.
249
What is the remainder when 645158 is divided by 214884?
506
Calculate the remainder when 12029498 is divided by 121510.
8
What is the remainder when 26942673 is divided by 5381?
6
What is the remainder when 6319282 is divided by 4133?
4058
Calculate the remainder when 39040586 is divided by 41.
17
What is the remainder when 3979376 is divided by 1918?
1444
Calculate the remainder when 4288943 is divided by 33.
32
Calculate the remainder when 71320 is divided by 17305.
2100
Calculate the remainder when 351131 is divided by 116938.
317
Calculate the remainder when 1246499 is divided by 22663.
34
What is the remainder when 859164 is divided by 3839?
3067
What is the remainder when 1354811 is divided by 225742?
359
Calculate the remainder when 3744471 is divided by 67.
42
Calculate the remainder when 16064296 is divided by 37621.
129
Calculate the remainder when 231589 is divided by 2573.
19
Calculate the remainder when 110262 is divided by 492.
54
Calculate the remainder when 18898612 is divided by 3061.
3059
Calculate the remainder when 12181545 is divided by 870109.
19
Calculate the remainder when 39454454 is divided by 2235.
2234
Calculate the remainder when 695416 is divided by 1648.
1608
Calculate the remainder when 9364634 is divided by 219.
194
What is the remainder when 2409194 is divided by 4642?
4638
What is the remainder when 13552977 is divided by 28002?
9
What is the remainder when 269055 is divided by 268892?
163
What is the remainder when 6464977 is divided by 39?
25
What is the remainder when 98849477 is divided by 74?
55
Calculate the remainder when 845156 is divided by 46952.
20
What is the remainder when 13988 is divided by 2306?
152
What is the remainder when 780444 is divided by 59944?
1172
Calculate the remainder when 248489 is divided by 82610.
659
What is the remainder when 893519751 is divided by 4?
3
What is the remainder when 1628178 is divided by 814071?
36
What is the remainder when 3052896 is divided by 3493?
14
What is the remainder when 66362 is divided by 7302?
644
What is the remainder when 2998727 is divided by 2612?
151
Calculate the remainder when 8303 is divided by 2732.
107
What is the remainder when 514404 is divided by 12860?
4
Calculate the remainder when 2534182 is divided by 382.
376
Calculate the remainder when 28783 is divided by 2122.
